e prime factors of 192954?
2, 3, 32159
List the prime factors of 844705.
5, 241, 701
What are the prime factors of 6183638?
2, 3091819
What are the prime factors of 182214?
2, 3, 53, 191
List the prime factors of 419679.
3, 13, 17, 211
List the prime factors of 7015065.
3, 5, 467671
What are the prime factors of 223147?
37, 163
What are the prime factors of 432528?
2, 3, 9011
What are the prime factors of 1194344?
2, 23, 6491
What are the prime factors of 228965?
5, 11, 23, 181
List the prime factors of 899024.
2, 7, 23, 349
List the prime factors of 910469.
7, 17, 1093
List the prime factors of 431501.
7, 61643
What are the prime factors of 17665914?
2, 3, 7, 107, 3931
What are the prime factors of 6570415?
5, 17, 4547
What are the prime factors of 1573313?
7, 224759
What are the prime factors of 157188?
2, 3, 13099
List the prime factors of 235900.
2, 5, 7, 337
What are the prime factors of 81409?
81409
List the prime factors of 1851480.
2, 3, 5, 37, 139
List the prime factors of 2967479.
937, 3167
List the prime factors of 37870024.
2, 4733753
List the prime factors of 25636693.
25636693
List the prime factors of 35271260.
2, 5, 17, 227, 457
List the prime factors of 795458.
2, 397729
List the prime factors of 1737522.
2, 3, 83, 1163
List the prime factors of 2569658.
2, 7, 13, 2017
List the prime factors of 514528.
2, 7, 2297
List the prime factors of 22588883.
29, 778927
List the prime factors of 8182078.
2, 31, 131969
What are the prime factors of 2531481?
3, 569, 1483
What are the prime factors of 303855?
3, 5, 47, 431
What are the prime factors of 41058?
2, 3, 2281
List the prime factors of 2406186.
2, 3, 4951
What are the prime factors of 1557938?
2, 29, 26861
List the prime factors of 2350028.
2, 149, 3943
List the prime factors of 521140.
2, 5, 71, 367
List the prime factors of 1991988.
2, 3, 55333
What are the prime factors of 254924?
2, 101, 631
List the prime factors of 108913.
7, 15559
What are the prime factors of 5745047?
7, 11, 74611
What are the prime factors of 17274?
2, 3, 2879
What are the prime factors of 4688384?
2, 9157
What are the prime factors of 640156?
2, 11, 14549
What are the prime factors of 1725444?
2, 3, 7, 41, 167
What are the prime factors of 4741812?
2, 3, 107, 1231
What are the prime factors of 9466767?
3, 350621
List the prime factors of 118222.
2, 13, 4547
List the prime factors of 44405.
5, 83, 107
What are the prime factors of 301333?
301333
What are the prime factors of 2115418?
2, 157, 6737
What are the prime factors of 1124003?
401, 2803
List the prime factors of 2367028.
2, 591757
What are the prime factors of 196714?
2, 7, 14051
List the prime factors of 2047147.
31, 66037
List the prime factors of 696216.
2, 3, 29009
List the prime factors of 1033572.
2, 3, 86131
What are the prime factors of 8710814?
2, 7, 31, 20071
List the prime factors of 576019.
576019
What are the prime factors of 460945?
5, 92189
What are the prime factors of 691158?
2, 3, 13, 8861
What are the prime factors of 26856589?
487, 55147
What are the prime factors of 398725?
5, 41, 389
What are the prime factors of 35910?
2, 3, 5, 7, 19
What are the prime factors of 519270?
2, 3, 5, 19, 911
What are the prime factors of 1943333?
7, 73, 3803
What are the prime factors of 364784?
2, 7, 3257
List the prime factors of 551756.
2, 271, 509
List the prime factors of 24508004.
2, 131, 46771
List the prime factors of 4103233.
4103233
List the prime factors of 4689328.
2, 7, 149, 281
List the prime factors of 40849.
40849
What are the prime factors of 309738?
2, 3, 11, 13, 19
List the prime factors of 2869629.
3, 7, 136649
What are the prime factors of 220239?
3, 2719
List the prime factors of 142647.
3, 17, 2797
What are the prime factors of 1892700?
2, 3, 5, 701
What are the prime factors of 9194694?
2, 3, 1532449
List the prime factors of 1427101.
13, 151, 727
List the prime factors of 610548.
2, 3, 83, 613
List the prime factors of 407162.
2, 7, 127, 229
What are the prime factors of 245397?
3, 81799
List the prime factors of 350379.
3, 19, 683
What are the prime factors of 59960?
2, 5, 1499
List the prime factors of 3797003.
7, 313, 1733
What are the prime factors of 1921732?
2, 353, 1361
List the prime factors of 77334.
2, 3, 12889
List the prime factors of 325659.
3, 108553
List the prime factors of 1354287.
3, 11, 41039
List the prime factors of 54163.
54163
What are the prime factors of 651954?
2, 3, 193, 563
What are the prime factors of 190334?
2, 59, 1613
What are the prime factors of 174885?
3, 5, 89, 131
List the prime factors of 12918758.
2, 59, 109481
What are the prime factors of 2746290?
2, 3, 5, 31, 2953
What are the prime factors of 8299287?
3, 307381
What are the prime factors of 468469?
17, 1621
List the prime factors of 95049.
3, 59, 179
List the prime factors of 1951792.
2, 199, 613
What are the prime factors of 10140699?
3, 19, 177907
List the prime factors of 907141.
907141
List the prime factors of 2726651.
1399, 1949
List the prime factors of 27484474.
2, 2551, 5387
List the prime factors of 3811477.
43, 137, 647
What are the prime factors of 8080936?
2, 41, 71, 347
What are the prime factors of 251497?
47, 5351
What are the prime factors of 4562959?
2011, 2269
What are the prime factors of 602029?
602029
What are the prime factors of 2471596?
2, 17, 19, 1913
What are the prime factors of 587788?
2, 23, 6389
What are the prime factors of 251067?
3, 83689
What are the prime factors of 7760726?
2, 31, 41, 43, 71
List the prime factors of 771.
3, 257
List the prime factors of 7113458.
2, 11, 323339
List the prime factors of 658596.
2, 3, 71, 773
List the prime factors of 81910.
2, 5, 8191
List the prime factors of 4141509.
3, 73, 18911
List the prime factors of 21320344.
2, 2665043
List the prime factors of 2406488.
2, 7, 877
List the prime factors of 2320572.
2, 3, 193381
List the prime factors of 506056.
2, 17, 61
What are the prime factors of 16808546?
2, 17, 494369
What are the prime factors of 606400?
2, 5, 379
What are the prime factors of 4901898?
2, 3, 23, 35521
What are the prime factors of 166322?
2, 13, 6397
What are the prime factors of 6251388?
2, 3, 11, 13, 3643
List the prime factors of 8417626.
2, 7, 601259
What are the prime factors of 18425?
5, 11, 67
What are the prime factors of 944331?
3, 314777
List the prime factors of 38550.
2, 3, 5, 257
What are the prime factors of 267089?
89, 3001
List the prime factors of 6106578.
2, 3, 181, 5623
What are the prime factors of 190134?
2, 3, 7, 503
List the prime factors of 21600310.
2, 5, 2160031
List the prime factors of 2617937.
7, 61, 6131
What are the prime factors of 2140741?
2140741
List the prime factors of 1740172.
2, 7, 19, 3271
What are the prime factors of 612949?
131, 4679
List the prime factors of 4748959.
53, 89603
List the prime factors of 164265.
3, 5, 47, 233
List the prime factors of 11482749.
3, 103, 4129
List the prime factors of 20963849.
20963849
List the prime factors of 3037120.
2, 5, 9491
List the prime factors of 945273.
3, 7, 45013
What are the prime factors of 1445579?
47, 30757
List the prime factors of 4522171.
19, 238009
List the prime factors of 5885335.
5, 1177067
What are the prime factors of 8304377?
107, 77611
What are the prime factors of 142068?
2, 3, 11839
What are the prime factors of 5626805?
5, 1125361
What are the prime factors of 5307068?
2, 13, 102059
What are the prime factors of 825455?
5, 19, 8689
List the prime factors of 1057912.
2, 223, 593
List the prime factors of 214544.
2, 11, 23, 53
List the prime factors of 61178.
2, 13, 181
What are the prime factors of 4147899?
3, 7, 29, 139
What are the prime factors of 255238?
2, 17, 7507
What are the prime factors of 8411225?
5, 509, 661
List the prime factors of 705131.
7, 100733
List the prime factors of 6849146.
2, 3424573
What are the prime factors of 8747542?
2, 4373771
List the prime factors of 43924.
2, 79, 139
What are the prime factors of 6538713?
3, 2179571
List the prime factors of 886452.
2, 3, 7, 61, 173
List the prime factors of 2541886.
2, 1270943
List the prime factors of 970995.
3, 5, 19, 3407
List the prime factors of 128409.
3, 23, 1861
List the prime factors of 239355.
3, 5, 197
What are the prime factors of 1194078?
2, 3, 71, 2803
Wh